k - 12. Let t(j) = j**3 + 5*j**2 - 4*j - 25. Let r be t(-5). Is l(r) a composite number?
False
Let h(l) = -58*l - 24. Suppose 3*t + 10 = 37. Suppose t*c - 5*c + 28 = 0. Is h(c) prime?
False
Let j(v) = 10779*v**2 - 7*v + 3. Is j(-2) a prime number?
True
Suppose 6*s - 9 = 51. Let i(a) = 16 - 2*a**3 - 49 + a**3 + 31*a**2 - 17*a + s. Is i(20) a composite number?
True
Let y = 86323 + -55874. Suppose -11*r = -4*b - 8*r + y, 38060 = 5*b - 5*r. Is b a composite number?
True
Let g be 1/2*2 - (-78775)/(-137). Let b = 1021 + g. Is b composite?
True
Suppose -16*p = 14*p - 16*p - 341474. Is p a composite number?
False
Suppose -l + 5*q + 35 = 0, 2*l + 5*q + 0 = -20. Let m = -673 - -2844. Suppose -m = -l*s + 2184. Is s a composite number?
True
Let s = -273 + -139. Let l = s - -220. Let d = l - -427. Is d a prime number?
False
Suppose 53*p = 24*p + 95497. Is p a prime number?
False
Suppose 5*m = 3*m + 50. Let t = m + -25. Suppose t = 53*i - 52*i - 319. Is i a composite number?
True
Let c(x) = 5412*x**2 + 236*x + 51. Is c(-13) prime?
False
Suppose 2*n - 2*q = -5*q - 12, -5*q + 24 = -4*n. Is (n/(-4))/((-96)/(-329408)) a composite number?
False
Let f(t) = -2600*t - 5. Let m be f(-6). Suppose -4*h = 3*r + r - 62380, -m = -r + h. Is r prime?
False
Suppose 3*x + 33 = 3*b, 4*b + 5*x - 37 = 16. Suppose b*d + 3 = 13*d. Suppose 5*m + h = -h + 555, d*h - 324 = -3*m. Is m prime?
True
Let v be 12*12/54*(-6)/(-4). Is (17/((-170)/(-1516)))/(v/10) a composite number?
False
Let b be 0 - (-1)/(-2)*8. Let q(x) = -206*x - 4*x - 14*x - 7. Is q(b) a composite number?
True
Suppose -3*a = 3*a - 60. Suppose k = -4*k + a, g + 376 = -3*k. Let m = 593 + g. Is m a composite number?
False
Suppose 4*y - 2*m + 6470 = 0, 0 = 6*y - 10*y + 4*m - 6468. Let l = 3525 + y. Is l a composite number?
False
Let c = -29678 - -136117. Is c a composite number?
True
Let t be (-4)/(-18) - 136/(-36). Suppose -6*p - 6 = -4*v - p, -4*p + 24 = t*v. Suppose o + 103 = 2*r, -6*r - 5*o = -v*r - 97. Is r composite?
True
Suppose 65 = -0*z + 5*z. Let l = 2 - z. Is (l/(-22))/((-1)/(-226)) prime?
True
Suppose -2 = 3*y - y. Let n = -952 - -968. Is 7820/n + -4 - y/4 a composite number?
True
Suppose 8*w - 3 = 7*w. Suppose 5*g = -z + 3*z + 104550, z + 83643 = 4*g. Is w/(-7) + g/56 a prime number?
True
Suppose -3*l + 29 = 5*c, -l + 4*c - 10 = l. Let a be 3 + l + -1205 + -4. Let s = a - -2476. Is s a composite number?
True
Let f(j) = -j**2 + 5*j + 2. Let t be f(5). Suppose 93*k = -t*p + 90*k + 27817, -5*p + 69532 = -3*k. Is p a composite number?
False
Let f(y) = 17556*y**2 - 67*y - 368. Is f(-7) a composite number?
True
Suppose -15*v - 18096570 = -105*v. Is v prime?
True
Let b = -1896 - -3200. Let r = 6881 - b. Suppose -2*z + 4*t = 3*z - 5569, 5*z - 2*t = r. Is z a composite number?
False
Let n(y) = 211*y - 134. Let u(k) = 420*k - 267. Let q(r) = 5*n(r) - 3*u(r). Is q(-24) composite?
False
Suppose -90*t = -117*t - 101493. Let w = t + 7850. Is w a prime number?
True
Suppose 253 = l + 2*a - 38, 0 = -3*a - 12. Let j be l - 4/(-12)*-6. Let z = j - -244. Is z prime?
True
Let c be ((1161/(-12))/3)/((-6)/16). Suppose -26 = -s - 5*v, -v + c = 5*s + 28. Suppose s*a = 13*a - 1106. Is a composite?
True
Suppose -4*t = -4*w - 0*w + 198076, -5*t + 198076 = 4*w. Is w a composite number?
True
Suppose 2917006 + 3568736 = 18*k. Is k composite?
True
Let o = 122890 + -58793. Is o prime?
False
Suppose -31*a + 956460 = -2015479. Is a prime?
True
Suppose -22*u + 1251129 = 3*u - 1271046. Is u prime?
False
Let z(d) = -d**2 + 2*d + 36236. Let s be z(0). Suppose 4*q - 36*g + 34*g - s = 0, 4*q - 36236 = -2*g. Is q a prime number?
True
Is (-10 + 15 + 2 + -6)/(1/38933) prime?
True
Let z(f) be the second derivative of 7/2*f**2 - 13/3*f**3 + 0 + 16*f. Is z(-2) prime?
True
Suppose -34753 = -5*b + 6867. Let r = 10611 + b. Suppose x - r = -4*x. Is x a composite number?
True
Suppose 2*n = -3*z + 217783, 3*z - 4*n + 5*n - 217781 = 0. Is z a prime number?
False
Let o(b) = -9*b + 37 + b**2 + 17*b**3 - 32 + 8*b + 69*b**3. Is o(3) composite?
False
Let t be (1/(-4))/((-2)/24). Let h be (28/(-8) + t)*-20. Let p = h - -49. Is p prime?
True
Let y(v) = 2*v + 11. Let b be y(0). Suppose -11*m = 13543 + 37057. Is 1 - b/(44/m) prime?
True
Let c(n) = -n**3 + 5*n**2 + 8*n - 2. Let s be c(6). Suppose -611 = -s*m - 221. Is m a prime number?
False
Let x(h) = 6399*h - 103. Let p be x(5). Suppose -8*g + p = -5972. Is g a composite number?
False
Suppose 13*f - 32*f = -76. Is (6/f)/((312/40816)/13) prime?
True
Let g(r) = 74574*r + 1873. Is g(2) a prime number?
False
Suppose 0 = -5*q + 47 + 53. Suppose 16*l = q*l - 64. Let y = 111 + l. Is y a composite number?
False
Let g = -98 - -24. Let z = g - -517. Is z a prime number?
True
Let w(d) = d**3 + 18*d**2 + 19*d + 34. Let q be w(-17). Suppose 2*u - 4*f - 7298 = q, 0 = u - 2*f + 3*f - 3640. Is u a composite number?
False
Suppose 5*d - 28312 = -2*f + 25231, 2*f - 53541 = -3*d. Is f a prime number?
False
Suppose -3*o - 150 = 4*l + l, o = -l - 48. Let x be -10852*(-5 - o/10). Suppose -5*c - 1491 = -x. Is c a prime number?
True
Let a = -721894 + 1192075. Is a a composite number?
True
Suppose -29*z + 1038025 + 508897 = -829947. Is z a composite number?
True
Is -1*124725/(-3) + -47 + 51 a prime number?
True
Let g = 85681 - -54372. Is g composite?
False
Suppose -9*d + d = -8. Suppose -3*f + 4*w + d = 7, -2*f + 16 = 4*w. Suppose -4*g = f*o - 1118, 3*o - 2840 = -2*o + 5*g. Is o composite?
True
Let b(f) = f**3 + 9 + 3*f**2 - 2*f**3 + 0*f**2 + 2*f**2. Let l be b(5). Is 15/l*471 - -2 a prime number?
True
Suppose -4*r - 2*l + 4 = -8, 0 = 4*r - 4*l. Let w be 2 + (-12)/36*((7 - 4) + 3). Suppose 3*c + 4*b - 4373 = w, 2886 + 4411 = 5*c - r*b. Is c a prime number?
True
Let m(h) = h + 12. Let p be m(-10). Let t be 3 + -4 + p - -10. Let q(o) = o**2 - 3*o - 23. Is q(t) a composite number?
True
Suppose 395*f + 6441 = 408*f - 5350. Is f a composite number?
False
Let v be (84/(-63))/((-2)/3). Is 2/11 + v*85841/154 prime?
False
Suppose -468481 - 436250 = -3*g. Is g a prime number?
True
Let l = -86 - -198. Let n = l - 33. Is n composite?
False
Let t(k) = -9*k - 17. Let w(x) = -17*x - 34. Let y(u) = -9*t(u) + 4*w(u). Let p be y(3). Suppose -3 - p = -v. Is v a prime number?
True
Suppose 0*g = 10*g - 15180. Suppose 0 = 2*w - 4*f - g, 4*f - 1517 = -2*w + 9*f. Let q = -352 + w. Is q prime?
True
Let k be -933 + -2*(0 + -1). Let l(f) = -62*f - 1680. Let v be l(0). Let s = k - v. Is s a composite number?
True
Suppose -2*o + 6 = -j, -2*o + 9 = -4*j - 9. Let l be (-6)/((-9)/(-17844)*-1). Is (l - (-5 + 4))*o a prime number?
True
Suppose 2*t + 18 - 24 = 0. Suppose 5*x - 15*h + 2 = -14*h, -3*h = -6. Suppose 3*z + t*z - 12930 = x. Is z a prime number?
False
Suppose 19*q - 82 = 32. Is (q/4)/(7 + (-181473)/25926) a composite number?
True
Let w = 23 - 18. Suppose -5*p + 15 + w = 0. Suppose -p*t = -2*h - 2694, -4*h = 5*t - 537 - 2824. Is t prime?
True
Let k(m) = 8*m - 61. Let i be k(8). Suppose -i*f - 5*u = -11039, -5*f + 13444 + 4965 = 3*u. Is f a prime number?
False
Suppose 4*u = 2*f + 3*f + 67, -f + 55 = 3*u. Let i be (u + -20)*(1 - 0)*-421. Suppose -6*c + i = h - 8*c, 3354 = 4*h - c. Is h composite?
True
Let z = -2517 + 16030. Suppose 8*x - z = 5*x + 2*r, -4*r + 16 = 0. Is x a composite number?
False
Suppose 4*o = 3*q - 245537, 2*o + 81849 = -156*q + 157*q. Is q composite?
False
Suppose 0 = 5*b - 2 + 52. Let a be ((-692)/5)/(4/b). Suppose 4*s + 4 = 0, 5*s - 4*s = 5*n - a. Is n a prime number?
False
Is (-5613630)/(-18) + -2 - 98/(-147) a composite number?
False
Let i be 25108 - (-7 - -4) - -2. Suppose 7*m - 5*m - 16750 = -4*s, -3*m - 2*s + i = 0. Is m a composite number?
False
Let z be 0 + 12/(-3) + 8. Suppose -2*f = -3*r + 16661, -4*r + z*f + 6269 = -15939. Is r a prime number?
True
Suppose 4*a = -2*b + 921005 + 820189, -3*a - 3*b = -1305888. Is a a prime number?
False
Let t be -6 - (-179)/8 - (-3)/(-8). Is ((-196)/(-10))/(t/80) + -1 composite?
False
Suppose -3*m = -33 + 3. Suppose -m = -2*t, 5 = -5*l + t + 4*t. Suppose 2*g = l*w - 3*w + 1115, w = -1. Is g prime?
True
Suppose 0 = -2*o + 6*m - 2*m - 6, 6 = o + m. Suppose o*n + 3871 = -4*f, 0 = -f + 3*n - 4*n - 967. Let z = f + 1688. Is z composite?
True
Is 652/(-2934) - (664266/27)/(-2) a composite number?
False
Suppose 0